nd p?
13
Let l = -99 - -113. Calculate the greatest common factor of l and 84.
14
Let a = -3 - -4. Let c be 1/(-2)*(1 - 11). What is the highest common divisor of a and c?
1
Suppose 32 = 3*h - 28. Let k = 15 + -10. Suppose k*a - 88 - 12 = 0. Calculate the highest common divisor of a and h.
20
Suppose 5*q + 25 = -0*q. Let a = q - -33. What is the highest common divisor of 14 and a?
14
Let h be (44/8 + -4)*42. Let t be ((-1)/(-1))/((-2)/(-18)). Calculate the highest common divisor of t and h.
9
Let v be (-14 + 2)/((-4)/(24/9)). Calculate the greatest common divisor of 72 and v.
8
Suppose 2*y - 10 = -n, 0*n = 4*n - 3*y - 40. Calculate the highest common divisor of 10 and n.
10
Suppose -5*p = -w - 4 + 34, -2*w + 3*p + 81 = 0. Let t(a) = -a + 24. Let r be t(6). Calculate the greatest common factor of r and w.
9
Let z(x) = x**3 - 7*x**2 - 7*x - 4. Let u be z(8). Let n = u + 11. Suppose 5*f - j = -4*j + 19, -2*f = j - 8. Calculate the greatest common divisor of f and n.
5
Suppose 4*g + 2 = 3*g, 2*v - 26 = 4*g. Let n = 12 - v. What is the highest common divisor of 21 and n?
3
Suppose 109 = 3*z - 56. What is the highest common divisor of z and 11?
11
Let d(t) = -t**3 + 10*t**2 - 7*t - 1. Let z be d(9). Suppose 0 = y - 4*u + 2*u - z, -78 = -4*y - 2*u. Calculate the highest common divisor of y and 76.
19
Let n = 14 - -54. Let o be ((1 - -1) + -19)*-1. Calculate the greatest common divisor of n and o.
17
Let s(y) = 5*y**2 - y - 2. Suppose 5*z = z - 8. Let j be s(z). Calculate the greatest common factor of j and 8.
4
Suppose -m + 52 = 3*m. Let h = -5 + m. Suppose -3*x + 91 = -101. What is the greatest common factor of h and x?
8
Let p be 2/(-4) + (-44)/(-8). Suppose -h + t + 9 = 0, -3*t + 40 = 5*h - p. Let x be 15*(-1 - 5)/(-2). Calculate the highest common divisor of h and x.
9
Let s = 25 + 127. What is the highest common factor of s and 19?
19
Let t(p) = -p**2 - 6*p - 1. Let h be t(-5). Let m(c) = 17*c - 3. Let q be m(h). What is the highest common divisor of q and 26?
13
Suppose -3*z - 18 = -3*m, -z + 0*z + 6 = -4*m. Let i be z/45 - 40/(-18). Calculate the greatest common factor of 2 and i.
2
Suppose -44*o + 46*o - 4 = 0. Calculate the greatest common factor of o and 18.
2
Let z be 2/4 - 2696/(-16). Calculate the greatest common divisor of z and 13.
13
Let t be (-1)/1*(-7 + -98). Calculate the highest common divisor of t and 21.
21
Suppose 0*w - 2 = -w. Suppose 15 = w*g - 15. What is the greatest common factor of 5 and g?
5
Let y(k) = -k**2 + 5*k - 4. Let o be y(3). Suppose -6 = -3*b + o*b. Calculate the highest common factor of b and 15.
3
Let g = 98 - -14. Let o be ((-2)/5)/(2/(-70)). What is the highest common factor of o and g?
14
Suppose -5*p - 129 = -2*u, -3*p - 2*u = -0*p + 87. Let t be (-1290)/p - (-2)/9. What is the highest common factor of 32 and t?
16
Let w be (-3)/(-1) + 297/3. Suppose 3*b = 18 + w. What is the greatest common divisor of b and 8?
8
Suppose -56 = -n + 5*h, h - 168 = -4*n + 14. Suppose p - 14 = m - 0*m, 4*p - 2*m = n. What is the highest common factor of 9 and p?
9
Let n(r) = -r**2 + 9*r - 8. Let z be n(8). Suppose z = 2*c - 5*j - 23, -4*c + 17 + 99 = 4*j. What is the greatest common divisor of c and 72?
24
Let j be (-102)/(-5) - (-2)/(-5). Suppose 4*m = -y + 124, -m - 281 = -2*y + 3. What is the highest common factor of j and y?
20
Let y be 3/5 + 634/10. Calculate the highest common factor of 4 and y.
4
Let j(h) be the third derivative of h**5/3 - h**4/24 - h**3/6 + 2*h**2. Let i be j(-1). Calculate the highest common factor of i and 50.
10
Suppose 2*j = l + 6, -j + 0 = -3*l - 3. Calculate the greatest common factor of 45 and j.
3
Suppose -2*k - 3*k - 4*w + 592 = 0, 0 = -k + 4*w + 128. What is the greatest common divisor of 30 and k?
30
Suppose 0 = j - 2*r - 11, 0 = 4*j - r + 3*r + 6. Calculate the highest common divisor of 7 and j.
1
Suppose 11 = o - 10. Suppose v - o + 5 = 3*f, v - 4*f - 21 = 0. Calculate the greatest common factor of v and 3.
1
Let q = 18 + -14. Suppose 4 = -2*w - 2*o, q*w = o - 3*o. Calculate the greatest common divisor of w and 2.
2
Let l(z) = 2*z - 12. Let f be l(7). Calculate the highest common factor of f and 22.
2
Let p be 3918/11 + 8/(-44). Let y be p/10 - (-2)/5. What is the greatest common divisor of 90 and y?
18
Suppose f - 18 + 2 = 0. Suppose 0 = -4*a + 221 - 125. What is the highest common factor of a and f?
8
Let v = -410 + 630. What is the greatest common divisor of 20 and v?
20
Suppose f = -2*h + 98, f - 2*h - 35 - 67 = 0. What is the greatest common factor of f and 20?
20
Let n = -2 + 7. Suppose n*p - p = 36. Suppose 2*c + 6 = 4*c. What is the greatest common factor of p and c?
3
Suppose -6*u = -5*u - 308. Suppose u = -x + 5*x. What is the greatest common factor of x and 7?
7
Let b be 13 - (-2 + (3 - 1)). Let d = -30 + 4. Let g be ((d*1)/(-1))/1. Calculate the greatest common factor of b and g.
13
Suppose -2*w - 52 = -6*w. Let u(v) = v**3 - 9*v**2 + 9*v + 18. Let p be u(8). Calculate the highest common divisor of p and w.
13
Let i be 5*(108/10 - 2). What is the greatest common factor of 352 and i?
44
Let h = -201 + 353. Calculate the greatest common factor of 19 and h.
19
Let o be 1*6 + -12 + 8. Suppose 5*t - 904 = o*m - 48, 5*t - 865 = 5*m. Calculate the greatest common factor of t and 68.
34
Suppose 3*g - 327 = -3*w, -2*w - 21 + 254 = -g. Suppose -3*k = -4*k - w. Let t = 231 + k. What is the greatest common factor of t and 13?
13
Let p(z) = -2*z - 1. Let q be p(-3). Let n be 0 + (2 - 1)*q. Suppose -n*o + 101 = -39. Calculate the highest common factor of o and 42.
14
Suppose 59 = 5*k + 3*h, 5*k - 5*h - 62 = -9*h. Calculate the highest common factor of 30 and k.
10
Suppose 3*r + 21 = b + 82, -2*r - 4*b = -36. Let u = -13 + r. Suppose j = -w - 2*j + 13, 5*w - 33 = j. What is the greatest common divisor of w and u?
7
Let a(r) = 12*r**2. Let i be a(1). Let y(c) = 5*c - 63. Let f be y(15). Calculate the highest common divisor of f and i.
12
Suppose -5 + 3 = -t. Suppose -t*y = y - 165. What is the greatest common factor of 5 and y?
5
Suppose 3*w + 0*b + b = 44, 5*b + 20 = w. What is the highest common divisor of 10 and w?
5
Let r(m) = 4*m**2 - 1. Suppose -2*j = -w + 5, 0 = -3*j - 2*j + 2*w - 11. Let q be r(j). Let f = q - -3. What is the greatest common factor of 24 and f?
6
Suppose 4 = -4*g + 4*h, -3*h = 3*g - 8*h + 7. Let r(z) = 9*z + 1. Let u be r(g). Calculate the greatest common divisor of u and 70.
10
Suppose -3*r + 11 = -16. Let w = -3 + 4. Calculate the greatest common factor of w and r.
1
Let j = -101 - -116. Calculate the highest common factor of 15 and j.
15
Let h = 24 - 12. Suppose g - 6*g = -150. Calculate the greatest common factor of h and g.
6
Let w = 20 - 21. Let p be (1 - -2 - 14)*w. Calculate the greatest common divisor of p and 99.
11
Let t be (-2)/(-6) - 850/(-51). Suppose -t = -2*b + 5. Let c(l) = -122*l - 1. Let k be c(-1). What is the greatest common factor of b and k?
11
Let y be -1 + 2 - (3 + -4). Suppose 7 = y*h - h. What is the greatest common divisor of h and 28?
7
Let w = 212 - 120. What is the highest common factor of 4 and w?
4
Let j(a) be the third derivative of -a**6/120 - a**4/24 - 19*a**3/6 - a**2. Let q be j(0). Let g = -7 - q. What is the greatest common factor of g and 60?
12
Suppose -15*v + 10*v = -75. Calculate the greatest common divisor of v and 15.
15
Let f = -110 + 330. Suppose -5*l + 0*l = -f. Suppose 5*c - 11 = 4*c. What is the greatest common factor of l and c?
11
Let i(r) = -2*r + 2. Suppose 7*l - 32 = 3*l. Let h = l - 11. Let t be i(h). What is the greatest common factor of 88 and t?
8
Let r be -2 - -6*(-15)/(-6). Let j(u) = u**3 + 130. Let q be j(0). What is the greatest common factor of r and q?
13
Suppose 12*k - 320 = 8*k. What is the highest common factor of 16 and k?
16
Let k(x) = 4*x. Suppose -j + 2*j - 4 = 0. Suppose 0*m = m - 5*s - 6, j*m - 9 = 5*s. Let b be k(m). What is the highest common divisor of b and 6?
2
Suppose -w + 4*j = -22, 3*w + 10 = -2*w - 4*j. Suppose 10*g = 4*g + 132. Calculate the greatest common factor of w and g.
2
Let v(c) = -c**2 - 6*c + 6. Let g be v(-7). Let o = g - -3. Suppose -o*k + 3*k = 10. What is the highest common divisor of 15 and k?
5
Let n = 0 + -1. Let c be n/(-3) + (-160)/(-6). Let l(h) = -2*h - 3. 